 2. Calculate i(a).
2
Let g(n) be the first derivative of -2*n**3 - n**2/2 - n + 5. Give g(-1).
-6
Let k(f) = -4*f**3 + f**2 + f + 1. Let o(q) = 9 + 2*q**2 - 2 + 3*q**2 - 6*q**2 + 7*q. Let z be o(8). What is k(z)?
5
Suppose -5*w + 34 = -4*q, 3*q - 5*w + 28 = -0*w. Let d(h) = -h**3 - 6*h**2 + 2*h + 9. Let j be d(q). Let x(s) = 2*s + 3. Give x(j).
-3
Let j be (1 + 1)/(-4)*0. Let x(r) = -1 - r**3 + 2 + r**2 - 2 + j*r**3. Calculate x(0).
-1
Let j(y) = -y - 5. Let o(h) = -5*h**3 - 17*h + 4. Let s(i) = i**3 + 4*i - 1. Let a(m) = -2*o(m) - 9*s(m). Let x be a(1). What is j(x)?
-5
Let l(t) = -t**3 - 5*t**2 - 8*t - 3. Let b be l(-2). Let i(w) be the first derivative of -w**3 + w**2/2 - w + 1. Determine i(b).
-3
Let w(s) = -9*s + 6. Let d(b) = -8*b + 5. Let u(a) = 7*d(a) - 6*w(a). Give u(5).
-11
Let p(i) be the second derivative of -5*i**3/6 + i**2/2 + 5*i. Calculate p(-3).
16
Let v(d) be the first derivative of d**4/4 - 5*d**3/3 + 2*d**2 + 3*d + 24. Calculate v(4).
3
Let p be 7 - (-4 - -1)/(-1). Let x(j) = -p*j - 2*j - 3*j. What is x(1)?
-9
Let a be (8 - 6)/(1/(-2)). Let d(l) = -l**3 - l**2 + 5*l - 5. Let h(s) = -s**3 - s**2 + 6*s - 6. Let x(g) = a*h(g) + 5*d(g). Give x(0).
-1
Let o be (0 - (0 + -1))/(4/32). Let i(p) = p**3 - 8*p**2 + p + 2. Give i(o).
10
Let r(o) be the third derivative of -1/120*o**6 + 0 - 1/60*o**5 + 0*o - 1/24*o**4 - o**2 - 1/6*o**3. Let u be 1/(3/(-30)*5). Calculate r(u).
5
Let g(s) = 4*s - 3*s - 2*s + 1. Let u(i) = i**3 - 4*i**2 + 3*i + 2. Let y be u(3). Suppose y*w + 2*j = -4, -w - j - 18 = 4*j. Give g(w).
-1
Let w(d) be the third derivative of -d**5/120 + 5*d**4/24 - d**3 + 5*d**2. Let x(h) be the first derivative of w(h). What is x(-5)?
10
Let c(q) be the first derivative of -q**4/4 - 5*q**3/3 + q**2 + 5*q - 39. Suppose 5*j + 2*z + 2*z + 37 = 0, 0 = 4*z + 12. Determine c(j).
-5
Let o be 2 + -1*(1 - -1). Let n = o + -1. Let x(y) = -y**2 - 2*y - 7. Let s(u) = u**2 + u + 4. Let q(r) = 5*s(r) + 3*x(r). Calculate q(n).
2
Let c(r) be the second derivative of -9*r - 1/2*r**3 + 0 + 3/2*r**2. Give c(2).
-3
Let a = -3 - -7. Let l be (-6)/8 + 3/a. Let z(f) = -3*f**2 + 2 + 2*f**2 - 6. Give z(l).
-4
Let t(s) = s**2 - 1. Suppose -a + 5*b - 61 = -3*a, -2*a + 56 = 4*b. Suppose i = 4*v - a, -1 - 5 = i - v. Let r be 3 - i - 1 - 3. What is t(r)?
0
Let f(o) = -o**2 - 2*o + 2. Suppose 0*r + r = 5. Suppose -5*i + r = 0, -4*i + 0*i = -w - 2. What is f(w)?
-6
Let o = 73 - 73. Let f(s) = s**3 - s - 9. Calculate f(o).
-9
Let t(p) be the third derivative of -7/60*p**5 - 2*p**2 + 1/6*p**3 + 0 + 0*p + 0*p**4. Give t(1).
-6
Let v(h) be the third derivative of h**5/20 - h**4/24 - h**3/2 - 2*h**2. Let z(c) be the first derivative of v(c). Give z(1).
5
Let i(a) = 5 - 3*a**3 + 4*a**3 + 2*a - 2*a**2 + 6*a**2. Suppose 0*l - 2*l = -j + 13, 3*j = 5*l + 35. What is i(l)?
-3
Let z(o) be the second derivative of o**5/20 - o**3/6 - o**2/2 - 3*o. Suppose -3*g - 7 = 3*x - 5*g, -5*x = 5*g - 5. Let u be (1/x - 2) + 1. Calculate z(u).
-7
Let q be 2 + 0 - (3 - 3). Let n(p) = -q*p - 4*p**2 + 3 - p + 3*p**2. Suppose 0 = 5*x - 14 + 4. Calculate n(x).
-7
Let h(n) = -n**2. Suppose 0*x + x = 1. Let p be h(x). Let l(s) = -1 + 3*s + 0 + 2*s. What is l(p)?
-6
Let b(n) = -7*n + 7. Let z(g) = -4*g + 4. Let h(r) = -3*b(r) + 5*z(r). Let l = 16 - 10. Let q(t) = t**2 - 5*t - 2. Let o be q(l). What is h(o)?
3
Let h(q) = -q**2 + 5*q - 7. Let n(p) = p**3 + 9*p**2 - p - 7. Let u be n(-9). Suppose -4*d + 3*t + 14 = t, -u*d + 22 = 4*t. Give h(d).
-7
Let c be 6 + (-3 - -1) + 1. Let t(y) = -2*y**2 + 3*y - 2. Let d(l) = 4*l**2 - 5*l + 4. Let k(o) = c*t(o) + 3*d(o). Determine k(2).
10
Let q(j) = j**2 + 4*j - 3. Let v(f) = -f + 9. Let k be v(14). Calculate q(k).
2
Let d(x) be the third derivative of -x**7/2520 + 7*x**6/720 + x**4/6 + 2*x**2. Let h(l) be the second derivative of d(l). Give h(6).
6
Let c(d) be the first derivative of -d**3/3 - 3*d**2/2 - d - 1. Let h(b) = b**2 + 9*b. Let q be h(-7). Let o = q - -10. Calculate c(o).
-5
Let v = 32 + -22. Suppose 0 = 4*g + 16, -5*u - 4*g = -2*u + v. Let h(j) = j**2 + j - 2. Give h(u).
4
Let w(p) be the first derivative of -p**2/2 + p - 23. Calculate w(6).
-5
Let s(x) = x**3 - 2*x**2 - x + 1. Let v(a) = a**2 - 4*a - 2. Let b be v(5). Calculate s(b).
7
Let h = 7 - 9. Let p(l) = -3*l**2 + 3. Let c(d) = d**2 - 1. Let r(t) = 5*c(t) + 2*p(t). Calculate r(h).
-3
Suppose 5*r = 13 + 7. Let m(z) = -2*z + 3. Let p be m(r). Let w(l) = -l**3 - 5*l**2 + 2*l + 7. Determine w(p).
-3
Let j(i) = -4*i**2 + 2*i. Let v(h) = 3*h**2 - 2*h. Let x(g) = 2*j(g) + 3*v(g). Suppose -4*o - 1 = 7. What is x(o)?
8
Let y(o) = o**2 - 6*o - 2. Let n(d) = d**2 - 3*d + 4. Let a be n(3). Suppose m - a*m - 39 = 0. Let l = -7 - m. Calculate y(l).
-2
Let z be (10/5*-1)/2. Let v(m) = -6*m**3 - m**2 - m. Calculate v(z).
6
Let o(a) = -a**3 - a**2 + a. Let r(z) = 5*z**3 + 11*z**2 - 7*z + 9. Let k(h) = -4*o(h) - r(h). What is k(-7)?
-30
Let j be 6/(-4) + 171/6. Suppose 3*b - 8*b = -2*r - j, -30 = 4*r - 2*b. Let a = r + 6. Let i(v) = v + 5. Determine i(a).
5
Let x(w) = w**3 - 5*w**2 - 5*w - 4. Let g be x(6). Let v(i) = 2*i**2 + 2*i - 3. Let o(h) = -2*h**2 - 3*h + 4. Let y(a) = -3*o(a) - 4*v(a). Calculate y(g).
-6
Let t(r) = 5*r**2 + 10*r + 12. Let q(v) = 4*v**2 + 9*v + 11. Let m(x) = 6*x - 1. Let a be m(1). Let d(k) = a*t(k) - 6*q(k). What is d(5)?
-1
Let v(m) = -m + 3. Let i(d) = 7*d**2 - 1. Let p be i(-1). Determine v(p).
-3
Let o(d) = -d**3 - d + 1. Let p(g) = -5*g**3 - 9*g + 9. Let j(k) = -6*o(k) + p(k). Give j(2).
5
Let c(q) = -q**3 + 5*q**2 + 9*q + 5. Let t be -3 + 92/9 - 2/9. What is c(t)?
-30
Let d(k) = k**3 - 3*k**2. Suppose i - 21 = w, 3*w + 88 = 7*i - 3*i. Suppose -2*v - i = -5*h, 0 = -3*v - 6*h + 2*h + 20. Let b = v + 2. Determine d(b).
-4
Let m(l) be the third derivative of -1/8*l**4 + l**2 + 0 + 0*l - 1/60*l**5 + 1/6*l**3. Determine m(-4).
-3
Let p(m) = -m**2 - 2*m - 2. Let l(z) = -1. Let f(y) = 3*l(y) - p(y). Let s(i) = i**2 - 5*i + 2. Let h be s(4). Give f(h).
-1
Let r(j) = -1 + 11*j**2 + j**3 - j + 0*j**2 - 7*j**2. Give r(-3).
11
Let s(v) = 2*v**3 + 4 + 4*v**2 - 6*v**3 + 5*v**3. Determine s(-3).
13
Let d(n) be the second derivative of -2*n**3/3 + 2*n**2 + 4*n. Suppose 0 = -3*w + w + 10. What is d(w)?
-16
Let d(s) be the third derivative of s**6/120 + s**5/15 - s**4/4 + s**3 - 10*s**2. Let o = -3 - 2. Give d(o).
11
Let p(n) = n**3 - 2*n**2 + n + 2. Let j(v) = v**2 + 5*v - 3. Let f be j(-5). Let c = f + 7. Let b be 12/c + (1 - 2). What is p(b)?
4
Let f be ((-6)/9)/((-1)/3). Let u(z) = 7*z - 27*z + 11*z + 7*z. Determine u(f).
-4
Let k be 7*(2 + 60/(-35)). Let c(b) be the first derivative of -3 + 2/3*b**3 - 1/4*b**4 + b - 3/2*b**k. Determine c(2).
-5
Suppose 0 = 2*m - 1 - 1. Suppose 0*y = 3*y + 15, -3*y = -4*p + 35. Suppose -4*z + 9 = 5*g - m, -5*g = p*z - 15. Let a(o) = o**3 + o**2 - o. Calculate a(g).
-2
Suppose 6 = -2*v - v. Let t(p) = 3*p**2 + p - 2. Give t(v).
8
Let u(m) = -2 + 3*m**2 + m - m**2 + 3*m**2 + m**3. Let x = -3 - 1. Determine u(x).
10
Let h be 0/(1/(2 - 1)). Let v(j) = 3*j + 3*j**2 + h*j**2 - 1 - 2*j**2. Let k = -13 - -9. Give v(k).
3
Let j(f) = -f - 3*f - f**2 + 0 + 4. Let r be (0 + (-69)/(-6))*8. Let g be 10/55 - r/22. Give j(g).
4
Let o(d) = 3*d**2 - 16 + 9*d + d**2 - 3*d**2. Give o(-11).
6
Let b be (-5)/(-40)*4*-2. Let v(x) = 2*x**3 + x + 1. Let d be v(-1). Let o = b - d. Let i(g) = -6*g**2 - g + 1. Give i(o).
-6
Let m(h) = h**2 + 12*h - 11. Let p be m(-13). Let z(o) = o**2 + 2. Give z(p).
6
Let i(x) = x**3 + 3*x**2 - 3*x + 2. Let t = 78 + -114. Let r be 20/6*t/30. What is i(r)?
-2
Let y(s) = 0*s**3 + 12 - 3*s**3 - 8*s**2 - 11*s - s**3 + 5*s**3. Determine y(9).
-6
Let n be 28/13 - (-16)/(-104). Let p(x) be the second derivative of 1/2*x**n + 0*x**3 + x - 1/12*x**4 + 0. What is p(-1)?
0
Let s(r) be the third derivative of r**6/120 + r**5/60 + r**4/24 + 4*r**2. Let l(f) = 5*f**3 + 6*f**2 + f + 2. Let y(p) = -l(p) + 4*s(p). Calculate y(-3).
-2
Suppose 2*d + 0*d = 0. Let u(q) = 4 - 5*q**2 + 2 + d + 3*q**3 - 2*q**3 - 3*q. Calculate u(5).
-9
Let q(u) = u. Let o be q(-4). Suppose -2*a = 3*a - 3*n - 17, -2*n - 6 = 2*a. Let h(r) = r - 1 + a. Determine h(o).
-4
Suppose 20 = 4*l + 3*x, -5*l - 2*x + 10 = -8. Let a(m) = -2*m**2. Give a(l).
-8
Let o(w) = -3*w. Suppose 5*u - 17 